 = -m*r + 1953. What is the units digit of g?
3
Let i = 24 + -25. What is the tens digit of (i - -206) + (-120)/30?
0
Let u = -2495 - -2475. Let c(m) = 3*m**2 + 30*m - m**2 + 3 + 0. What is the units digit of c(u)?
3
Let s = -38921 + 66480. What is the thousands digit of s?
7
Let g(x) = 2 - 7 + 69*x - 62*x - 6. Let h be g(2). Suppose h*y - 297 = 2*i + i, 2*i - 495 = -5*y. What is the tens digit of y?
9
Suppose -421*k + 312156 = -395*k. What is the ten thousands digit of k?
1
Suppose -t = -2*t + 12. Suppose 803 = -45*g + 1973. Let i = g + t. What is the units digit of i?
8
Suppose -69 = -15*b + 21. Suppose -g - 4*g + 2375 = 0. Suppose -t - g = -b*t. What is the units digit of t?
5
Let o(k) be the first derivative of 126*k**3 + 9*k**2/2 + 5*k + 192. What is the units digit of o(-1)?
4
Let g(z) = -579*z + 1664. What is the tens digit of g(-26)?
1
Let h be 2/(-7) + (-888)/(-168). Let p(o) = -o**3 + 9*o**2 - 10*o + 5. Let x be p(h). Suppose x = -i + 264. What is the tens digit of i?
0
Let c(d) = -615*d - 2. Let b be c(1). Let l = b + 350. Let t = -124 - l. What is the units digit of t?
3
Suppose -367 = 3*p + h, -3*h - 109 = 39*p - 38*p. Suppose 27 = -w - 33. Let x = w - p. What is the tens digit of x?
6
Let p = -18841 + 28352. What is the hundreds digit of p?
5
Let n = -8290 - -9694. What is the tens digit of n?
0
Let k(t) be the third derivative of 2*t**5/15 - 5*t**4/8 - 73*t**3/6 - 57*t**2 + 2. What is the tens digit of k(-7)?
2
Let t = -217 - -231. Suppose 5664 = -2*b + t*b. What is the units digit of b?
2
Suppose -6 = 2*s, -7*f + 3 = -3*f + 3*s. Suppose 4*q + 198 = 3*d, -2*d + 152 = -f*q + 2*d. What is the tens digit of 3/(-2)*1*q?
7
Let b be ((-271)/2)/((-2)/4). Suppose 0 = 3*a - 5*w - 797, -b = -2*a + 4*w + 263. What is the units digit of a?
9
Suppose 4*i + 8*b = 10*b - 32, 0 = -5*i + 5*b - 50. What is the tens digit of (63/i)/((-33)/4136)?
1
Let q(g) = 250*g - 90*g + 1 + 2. Let o(i) = -2*i**2 - 21*i - 26. Let l be o(-9). What is the units digit of q(l)?
3
Let p be ((-4)/(-24) + 4/8)*-558. Let k = p - -1226. What is the tens digit of k?
5
Let z(j) = 620*j**2 - 82*j - 33. What is the thousands digit of z(6)?
1
What is the units digit of ((-1680)/(-280) + (0 - -1))*(-12948)/(-7)?
8
Let v = -87 - -89. What is the units digit of ((-1)/v)/(9/(-10998))?
1
Let g(i) = 5*i**3 - 28*i**2 + 31*i + 8. Let l(x) = 9*x**3 - 56*x**2 + 61*x + 15. Let h(f) = -11*g(f) + 6*l(f). What is the tens digit of h(-29)?
1
What is the thousands digit of -3*(16/(-56) - 79068/63)?
3
Let x(g) be the first derivative of g**4/12 + g**2 + 10*g - 8. Let m(z) be the first derivative of x(z). What is the tens digit of m(5)?
2
Suppose -5*o = -v + 20762, -3*v + 62216 = -3*o + 2*o. What is the hundreds digit of v?
7
Let f = -45422 + 68069. What is the tens digit of f?
4
Let n be 12/10*21*-895. What is the tens digit of 2/(-17) + n/(-102)?
2
What is the thousands digit of -1 - 239092/(-14)*(-1)/(-2)?
8
Let g = 82 - 84. Let z(t) = -251*t - 2. Let k be z(g). Suppose -5*m + k = -p, -3*m = 2*p + p - 300. What is the tens digit of m?
0
Suppose -4*t - 9 = f, -3*t + 3*f + 9 = -6*t. Let p(g) = -5*g**3 + 3*g**2 + 8*g - 1. Let m be p(t). Let r = -10 + m. What is the tens digit of r?
2
What is the thousands digit of 5*(-1)/2 + (1 - (-925712)/32)?
8
Suppose 19*v - 14*v - l - 4847 = 0, 0 = -4*v + 2*l + 3874. What is the hundreds digit of (4/(-8))/(1/(-6)) + v?
9
Let w = 20749 + 45413. What is the units digit of w?
2
Let p(u) be the third derivative of -37*u**6/60 + u**5/30 + u**4/24 + 7*u**2. Let q(h) = 2*h**2 + 9*h + 3. Let x be q(-4). What is the tens digit of p(x)?
7
Suppose 8*g + 2420 = 13*g. Let o = -345 + g. What is the units digit of o?
9
Let s(m) = 6*m**2 + 252*m - 10529. What is the hundreds digit of s(75)?
1
Let m be (1 + 148/(-28) + 4)*7. What is the hundreds digit of 963/6*(6 - (2 - m))?
3
Let r be ((-1)/1)/((-5)/(-20)). Suppose p = 2*g - 26, -g + 1 + 2 = 0. What is the tens digit of (r + (-112)/p)*105?
6
Suppose -4*m = 71 + 41. Let l = m + 83. Let b = l + -50. What is the units digit of b?
5
What is the thousands digit of (189/(-126))/(3/4) + (-11044)/(-2)?
5
Let z(r) = 8585*r**2 - r + 1. Let x be z(1). Suppose 5229 = -o + 18183. What is the tens digit of (-1)/(x/o - (-2)/(-3))?
5
Suppose 4558032 = -76*r + 184*r. What is the hundreds digit of r?
2
Suppose -27*h = -30*h + 6. Suppose y + 1060 = 4*u - 3*y, -h*u = 2*y - 522. Suppose u + 161 = 4*l. What is the tens digit of l?
0
Let t(a) = 3999*a + 2033. What is the thousands digit of t(11)?
6
Let q be 2/(-6) - (-54500)/(-30). What is the hundreds digit of 1/(q/(-908) + -2)?
9
Suppose -a - 1406 + 1968 = 0. Let p = -306 + a. What is the tens digit of p?
5
Let x = 140 - 135. Suppose -x*l + r + 2*r = -330, l = -r + 58. What is the units digit of l?
3
Let m(w) = 65*w**2 - w. Let a be m(1). Suppose 16*g - a = 14*g. Suppose -r - 9 = -g. What is the tens digit of r?
2
Suppose -m - 1 = y + 5, 12 = -4*m. Let u be (0 + y/(-6))*0. Suppose u = 4*a - 3*z - 863, -287 = -3*a - z + 344. What is the tens digit of a?
1
Suppose 10*j = 3664 - 11434. Let t = -406 - j. Suppose -5*a = -t - 1014. What is the tens digit of a?
7
Let x be (-14)/8 + 7/(-28). What is the units digit of 8 + (-96)/8 + (-202)/x?
7
Suppose 0 = -2*z + z. Suppose -122 = -4*i - 2*g, -g + z*g = i - 33. Suppose 252 - i = 4*v. What is the units digit of v?
6
Let n(i) = -2*i**2 + 7*i - 1. Let m be n(2). What is the units digit of 23/m*-5*(0 + -41)?
3
Suppose -8*s = f - 5*s - 992, 0 = -3*f + 4*s + 2924. Suppose 0 = 2*o - w - 872, 2*w - f - 335 = -3*o. What is the units digit of o?
7
Suppose c - 6*c + m + 32 = 0, -25 = -4*c + m. Suppose 1890 = c*s + 7*s. What is the units digit of s?
5
Let n be 355/35 + (-4)/28. Let i be 288 + n + 0/(-1). Let t = i - 107. What is the hundreds digit of t?
1
Let t(d) = 6*d - 11. Suppose i + 85 = 5*z, -3*i - 2*z + 4*z - 190 = 0. Let r be (-1)/(-3) + 8/i*-35. What is the tens digit of t(r)?
1
Let r = 92 - 85. Suppose 3*h = r*h - 4*y - 200, -4*y + 70 = 2*h. Suppose -h*j + 4 = -41*j. What is the units digit of j?
1
Let x(r) = 3110*r**2 + 23*r - 30. What is the units digit of x(2)?
6
Suppose 5*f - 3*b = -13 - 22, -5*b + 7 = -f. Let v = f - -46. Suppose t - 103 - v = 0. What is the tens digit of t?
4
Let j = -58 - -55. What is the tens digit of (-1 + 0)/(j/1626)?
4
Let s be 14625/3 - (19 + -19). Suppose s = 3*h + 1878. What is the units digit of h?
9
Let k = 29 + -32. Let p be k/((-2)/(-8)*-1). Let u = p - -1. What is the tens digit of u?
1
Let u = -191 + 201. Suppose u*p - 2020 = -0*p. What is the units digit of p?
2
Let o(y) = -46*y - 150. Let p = 142 + -148. What is the hundreds digit of o(p)?
1
Suppose 3*v - 5*k = -7, -5*v = k + 49 - 0. What is the units digit of (-284)/(1/2*9/v)?
8
Let k = 1937 - -16059. What is the tens digit of k?
9
Let y be ((-2)/5)/((-18)/9180). Suppose y + 42 = -2*n. Let u = n - -206. What is the units digit of u?
3
What is the hundreds digit of (1197/(-147))/(18/(-60354))?
3
Let c(l) = -2*l**2 - 4*l - 15. Let x be (1 + 15/(-6))/((-5)/(-20)). Let s be c(x). Let g = s + 102. What is the units digit of g?
9
Suppose -719 = -j + i, -114*i = j - 111*i - 699. What is the units digit of j?
4
Suppose 4*o = -5*d, 0 = -2*o - 2*o - 4*d + 4. Suppose 0 = -4*c - o*x - 19 + 539, c - 139 = x. What is the units digit of c?
5
Let u be (-5)/(-10) - (90/(-4) - -2). Suppose -7*c - 70 = -u*c. Suppose 0 = -c*m - l + 71 + 63, 4 = -4*l. What is the tens digit of m?
2
Let n = -735 + 1436. What is the tens digit of (8 + -9 - n)/(0 - 1)?
0
Let r(d) = 0*d**2 - 3*d**3 - d**2 + 4*d**2 - 4*d**2. Let s be r(-1). Suppose -i + 2*t + s*t = -112, 0 = 2*i + 4*t - 188. What is the hundreds digit of i?
1
Let v be -1 + ((-4)/2 - -2)/(-1). Let s be -2 + 10 + v*(-2 - -3). What is the tens digit of ((-4)/6)/(s/(-1029))?
9
Let g = 24680 - 13823. What is the tens digit of g?
5
Suppose -11*f = -22 + 11. What is the units digit of 606 + f + (0/(-4))/7?
7
Let b = 6556 - -10359. What is the tens digit of b?
1
Suppose -5*y = m - 9*y - 16, 0 = -2*m - 3*y - 1. Suppose -m*b = -5*g - 1581, -4*b = 4*g + g - 1531. What is the units digit of b?
9
Let y(i) = i**3 + 19*i**2 - 2*i - 5. Let b be y(-19). Suppose -24*u + 19*u = -325. Let w = u - b. What is the tens digit of w?
3
Suppose -4*g + 0*g + 108